emainder when 70 is divided by v.
13
Suppose 0 = 3*t - 2*c - 96, 5*t - 5*c = 53 + 102. Suppose 10 = 2*s, 0 = 4*v - s - 8 - 95. Let g = -15 + v. What is the remainder when t is divided by g?
10
Calculate the remainder when (0 + 26/8)/(11/(4884/3)) is divided by 156.
13
Suppose -3*n + 5*l + 242 = 0, 16*l = 20*l + 16. What is the remainder when 1477 is divided by n?
71
Let y be 16/(-36) + 196/36. Suppose -180 = -y*k + 5*l, -2*k + 15 + 45 = l. What is the remainder when 59 is divided by k?
27
Suppose -5*m - 30*v + 4213 = -31*v, v + 841 = m. What is the remainder when m is divided by 83?
13
Let x = 96 - 63. Suppose -4 - 4 = -2*u. Suppose 0 = u*o + k - 40, k - 33 - 16 = -5*o. What is the remainder when x is divided by o?
6
Suppose 4*b + 1790*y = 1789*y + 659, 2*b = 3*y + 319. Calculate the remainder when 560 is divided by b.
68
Suppose -2*f + 5*v - 6 + 17 = 0, 3*f - v + 16 = 0. Let k(m) = 2*m**3 - 3*m**2 + 9*m + 0 - 5 - 3*m**3. What is the remainder when k(f) is divided by 33?
29
Let y(i) = i**3 - 10*i**2 + 2*i - 18. Let l be y(10). Let t = 25 + 27. Calculate the remainder when t is divided by 4*5/l + 4.
10
Suppose l + 27 - 30 = 0. Suppose 394 = 3*g - 2*w + 155, 168 = 2*g + l*w. Let b = 160 - g. What is the remainder when b is divided by 16?
15
Let x(o) = o**3 + 26*o**2 + 45*o - 65. Calculate the remainder when x(-22) is divided by 136.
65
Suppose -19*f + 23*f - 124 = 0. Suppose 3*d + 11 = -f. Let v = d + 27. Calculate the remainder when 61 is divided by v.
9
Calculate the remainder when 3489 is divided by (10 + (-1040)/200)*(-10)/(-4).
9
Let m be (-6)/(-24) + (-41)/4. Calculate the remainder when 605 is divided by 102 - ((-4)/m)/(22/55).
100
Let b(t) = -11*t**3 - 716*t**2 - 67*t - 58. What is the remainder when 1074 is divided by b(-65)?
66
Let u = 174 + -123. Suppose -u*o + 678 - 117 = 0. What is the remainder when 76 is divided by o?
10
Let r = 338 + -272. Calculate the remainder when 54 is divided by ((-28)/(-10))/(r/165).
5
Suppose a = -4*a + 1200. What is the remainder when a is divided by (51 - (-40)/(-20)) + 15?
48
Suppose -109 = -4*h + 99. Suppose 2*w - 5*s = -h, 5*w - s + 171 = 41. Let m = w - -74. Calculate the remainder when m is divided by 10.
8
Suppose -681 = -2*g + 3*m, -4*m = -5*g - 0*m + 1692. Suppose 26*v - 1689 - 679 = -600. Calculate the remainder when g is divided by v.
64
Calculate the remainder when 181 is divided by (0 - 7)*(-24)/(-14)*(-42)/63.
5
Suppose -7 = 3*b - 4*q - 83, 0 = 2*q + 8. What is the remainder when 358 is divided by b?
18
Let o(u) = -8*u**2 + 71*u + 141. Let g be o(10). Suppose 0 = -2*b + 113 + 25. Let i = b - g. What is the remainder when 87 is divided by i?
15
Suppose 2*r - q = 40, 28 + 32 = 3*r + 4*q. Suppose 11*f = 15*f - 68. Calculate the remainder when r is divided by f.
3
Let p = -3886 - -4050. Suppose 13 - 46 = -3*u. Calculate the remainder when p is divided by u.
10
Let k(n) = -n**3 - 21*n**2 - 21*n - 7. Let z(d) = -10*d - 10. Let i be z(-4). Let p = 76 - i. What is the remainder when p is divided by k(-20)?
7
Let i = -994 + 1034. Calculate the remainder when i is divided by ((-4)/(-10))/(-1)*-55.
18
Let l = -16 + 35. Let a(m) = -13*m**3 + 3*m**2 + 15*m - 38. Let r be a(2). What is the remainder when (-1860)/r*(0 - -5) is divided by l?
17
Let b(w) = 6*w + 4. Let f(t) = t + 1. Let q(k) = b(k) - 5*f(k). Let y be q(7). Let j = 28 - y. Calculate the remainder when 87 is divided by j.
21
Let z = -11490 - -29726. What is the remainder when z is divided by 23?
20
Let r(o) = -o**3 + 153*o**2 - 2191*o + 281. What is the remainder when r(137) is divided by 87?
70
Let s be -20*1/1*40/(-8). Suppose -s = -5*i + 4*x + 28, -2*i = x - 46. What is the remainder when 92 is divided by i?
20
Let p = -3160 - -3167. Calculate the remainder when 123 is divided by p.
4
Let u(r) = 119*r**3 + 2*r**2 + 2*r - 2. Let p be u(1). Suppose v + 0*v - p = 0. Calculate the remainder when (-856)/(-11) - (-22)/v is divided by 20.
18
Let a(x) = x**2 + 2*x + 3. Calculate the remainder when a(5) is divided by (-498)/(-18) - (-42)/(-9).
15
Let d = -20 - -49. Let f be (124/(-6)*-3)/1. Let c = f - d. What is the remainder when c is divided by 12?
9
Suppose -26*l + 22*l + 1959 = -3*a, -3*a = -3*l + 1473. Let d = l - 417. What is the remainder when d is divided by 7?
6
Let l(m) = -m**2 - 17*m + 72. Let k be l(-21). What is the remainder when 14 is divided by -21*(9/k)/((-14)/(-8))?
5
Let a = 10266 + -9577. Calculate the remainder when a is divided by 223.
20
Let u(t) = -28*t + 2. Let f(d) = -3*d + 8. Let q be f(3). Let z(p) = 28*p - 316. Calculate the remainder when u(q) is divided by z(12).
10
Let d be (-498)/45*-6 - (-4)/(-10). Suppose -d = -6*l + 24. Let h(z) = 8*z - 7. Calculate the remainder when h(8) is divided by l.
12
What is the remainder when 1482 is divided by (((-1826)/8)/11)/(-2 + (-75)/(-40))?
154
Let x(y) = y**3 + 8*y**2 - 4*y + 22. Suppose 3*m - m + s + 15 = 0, 1 = s. Calculate the remainder when x(m) is divided by 31.
23
What is the remainder when 609 is divided by 1/2*4 - (-41 - -9)?
31
Let x(z) = 3*z + 129. Let v be x(-19). Suppose v*d - 69*d - 789 = 0. What is the remainder when d is divided by 33?
32
Let h(d) = 2*d - 1. Suppose 4*x - 3 = -j - 0*j, 5*x - 10 = 5*j. Let f be h(j). Calculate the remainder when 72 is divided by (-19)/(21/14*2/f).
15
Calculate the remainder when (72/(-576) + 599/(-8))*(-16)/12 is divided by 44.
12
Suppose -3*o - 4*j = -0*o + 1, 2*o = -j + 6. Suppose -r + 29 = -h, 5*r = r - h + 116. What is the remainder when 752/12 - o - (-2)/(-3) is divided by r?
28
Suppose 3*z + w = 516, -3*z + 498 = -0*z - 5*w. Suppose -128 = 3*u + 5*f - 228, 3*u + 4*f - 95 = 0. Calculate the remainder when z is divided by u.
21
Suppose 3*h = -2*s + 151, 2*s + s = -h + 62. Calculate the remainder when 326 is divided by h.
44
Let o be 2/1 - 4/(-1). Suppose 318 - 42 = o*z. Suppose 5*q - 3*r = 69, -18 = -q - 4*r + 5. What is the remainder when z is divided by q?
1
Let p(q) = q**2 + 40*q + 68. What is the remainder when 102 is divided by p(-39)?
15
Let w(y) = 2*y**3 - 6*y**2 - 6*y - 5. What is the remainder when w(5) is divided by (-40)/(18 + 2) + 17 + -1?
9
Let v = -167 + 721. What is the remainder when v is divided by 111?
110
Suppose -16*k + 2*t = -14*k - 598, 4*t = 24. What is the remainder when k is divided by 52?
45
Suppose q + 116 = 4*d, 29 = d + 4*q - 0*q. Suppose -f = 2*a + 19, 3*f + 3*a + 22 + 47 = 0. What is the remainder when (-1521)/f - (-2)/3 is divided by d?
28
Suppose -5*j - 3*s = -451, 2*j - 5*s - 170 = -s. Suppose -65*n + 83*n - 468 = 0. What is the remainder when j is divided by n?
11
Let m(s) = -s + 8. Let u be ((-12)/8)/(3/(-12)*2). Let f be m(u). Suppose -2*o - a - a + 64 = 0, -f*a + 25 = 0. Calculate the remainder when o is divided by 3.
0
Let s = -67 + 78. Suppose 2*n = -6 + 8. What is the remainder when (0 - n) + 2 + 30 is divided by s?
9
Suppose 3*j = 8*j - 3*q - 455, 5*j = q + 445. Let l = j + -58. Calculate the remainder when 55 is divided by l.
25
Suppose -2*z + 64 = -317*c + 313*c, 4*z - 143 = 5*c. What is the remainder when z is divided by 29?
13
Calculate the remainder when 730 is divided by (-2)/6 - (3 + (-364)/39).
4
Suppose -3*q + 7*t = 4*t - 9, 0 = -q - 2*t. Suppose 3*z + q*z = 185. Suppose y = m - z, -2*m - 6*y = -y - 109. Calculate the remainder when m is divided by 9.
6
Let a(l) = -2*l**3 - 3*l**2 + 3*l. Suppose -13 = -14*q + 15. What is the remainder when a(-3) is divided by (q + 2)*5 + -5?
3
Let g(r) = 2*r**2 - 24*r + 71. Let c be g(8). Suppose -3*x = c*x - 40. What is the remainder when 113 is divided by x?
1
Suppose 0 = -4*w, 5*o + 7*w - 205 = 5*w. Let l be (-1 - -3)*(-3)/(-2). What is the remainder when o is divided by 12 + 3 + -3 + l?
11
Suppose 421 = 7*n + 11*n - 83. What is the remainder when 1670 is divided by n?
18
Suppose 8*f - 3*f = 0. Suppose f = z + 2*q + 6, -2*z = 2*z - 5*q - 28. Suppose -36*r + 1440 = 25*r + 11*r. What is the remainder when r is divided by z?
0
Let m = 8323 - 8165. Calculate the remainder when m is divided by 81.
77
Let r(z) = -251*z + 6809. What is the remainder when r(25) is divided by 37?
16
Suppose -3*o = 0, 11*o = z + 16*o + 472. Let j = z - -504. Suppose u - b - 67 = 21, -4*u + b = -361. Calculate the remainder when u is divided by j.
27
Let s be (-3